aluate 12 - -18 - (17 + 46 + -39).
6
Calculate 11 - ((33 - (0 + 14)) + 0) - 5.
-13
Calculate -19 + (15 - (4 - -1) - (24 - (-6 - -25))).
-14
1 + -3 - (-700 + 689 - (22 - -1))
32
Calculate 34 + (22 - (31 + -2 + -10 - 11)).
48
Evaluate (25 - 77) + -33 + 50.
-35
What is the value of 97 - (106 + -43) - -16?
50
Evaluate 8 + -7 - (28 + 0) - (-6 + 43 - 47).
-17
Calculate 122 + 77 + -192 - ((1 - 0) + 4 + 0).
2
Evaluate -34 - (62 + -19 + -88).
11
What is -15 + -7 + 48 + (22 - 27) + 11?
32
Calculate (0 + -5 - 18) + 25 - 19.
-17
What is ((13 - -8) + -3 - 14) + (5 - 6)?
3
Evaluate 0 + 2 + -17 - (-95 + 64).
16
What is -5 + 92 + (21 - 43)?
65
What is the value of -3 + 11 + 93 - (-334 + 361)?
74
0 + -53 + (15 + 117 - 120)
-41
3 + 4 + 4 + 3 + -9 + -67
-62
Evaluate 25 - (33 + -44 + 30).
6
What is the value of 17 + (-21 - -31) + -7 - -22?
42
Evaluate -85 - (-146 + -18 + 113).
-34
What is the value of -1680 + 1654 - (-1 + -45)?
20
What is the value of (39 + -171 - 12 - -25) + 38?
-81
Calculate 2 - 2 - (-1 - 13) - (-140 - -150).
4
What is (-7 - (-16 - (-7 - 30 - -20))) + (73 - -1)?
66
(41 - (39 - 10)) + -88 + -14 + 11
-79
Evaluate -1 + -1 + 20 + (26 - (-19 - -74)).
-11
What is the value of (-6 - 23 - (1 - (-1 + -7))) + -3 + 9?
-32
What is the value of -17 - 6 - (-401 - -345)?
33
2 - -64 - 7 - 72 - (0 + -88)
75
What is the value of (0 - -3) + -73 + 22 + -5 + -18 - -5?
-66
What is the value of (72 + -2 + (55 - 66) - 15) + 2?
46
What is 65 + 5 + -33 + -1?
36
What is the value of 116 - (-88 + (78 - -65))?
61
What is (-39 - -32) + 7 + -19 + -13?
-32
What is the value of -2 + -14 + (-39 - -29) - -77?
51
Calculate 12 + (15 + -36 + 2 - -2) - 24.
-29
-56 + 58 + -13 + 5
-6
Evaluate (6 - (4 + 1) - (227 - 246)) + -89.
-69
What is 21 + (10 + (10 + -4 - 5) + -9 - -11)?
34
What is -9 - (32 - 36 - (-56 - -1) - (5 + 2))?
-53
Evaluate 4 - 25 - -15 - (6 + (-5 - -4)) - 5.
-16
Evaluate -23 + (-11 - 36) + -2 + 1 + -14.
-85
Evaluate -24 + 33 - (-217 - -220 - (-12 + 1)).
-5
What is the value of ((-101 - -83) + 2 + 9 - (-16 - 3)) + -55?
-43
Calculate (-21 - -7) + (0 - 3) - (1634 - 1610).
-41
(54 - 57 - (3 - -9)) + 12 - -37
34
What is -173 - -158 - (-73 + (-2 - -7) + 0)?
53
What is 24 - (101 - 60) - 26?
-43
What is the value of -49 - -3 - (30 + -11 - 32)?
-33
Evaluate -3 - (6 + -10 + (5 - 12) + -34).
42
2 - (2 + (1 - 0)) - (144 - (-68 - -151))
-62
Calculate 49 - (48 + -32 - -24) - (-4 - -1).
12
Evaluate 137 - (86 + -72 + -36 - (-1 + -21)).
137
Calculate (64 - (-56 - -187)) + (1 - 0).
-66
2 + 7 + (-151 - -133) + -1 + 18
8
What is the value of (418 - 372) + 1 + -31?
16
Evaluate (1 - 2 - -87) + 6 + (-22 - 6).
64
1 + -2 - (0 + -6) - (-310 - (-40 + -264))
11
What is the value of (52 + 13 + -16 - -9) + 13 - 10?
61
What is -48 + (5 - -44) + 17?
18
What is the value of (-53 - (-125 + 25)) + -51?
-4
Calculate -2 - -16 - (4 - 22 - (-261 - -191)).
-38
What is ((-13 - -33) + -4 - 12) + 37 + 1?
42
What is the value of -100 - (-10 - ((9 - (-11 + 11)) + -11 + 4))?
-88
What is the value of 13 + 18 + (24 - 24)?
31
What is the value of (-27 - (29 + -121)) + -3?
62
17 + ((-9 - 9) + -113 - -13) + -3
-104
27 - (57 + -25 + (-6 - 6))
7
Calculate -2938 + 2932 - (0 - -18).
-24
54 + (44 - 240) + 30
-112
-33 + -56 + 56 + 20
-13
What is the value of 0 + 8 + (2 - (3 + 5)) + (-5 - 74)?
-77
What is (-71 - -2) + (-888 - -1022)?
65
Evaluate 15 + -14 - (-6 - -2) - (0 + -16).
21
Calculate (-4 - -8) + 4 + -71 - (9 + (-8 - 10)).
-54
Calculate -19 + -19 + (4 - (-16 + 2)) + -6.
-26
Evaluate (8 - 0) + -12 + -20 + -40.
-64
What is the value of 6 + ((167 - 169) + 14 + 0 - 10) - 115?
-107
Evaluate 2 + -19 + (27 - 1).
9
Calculate -9 + 5 - -76 - (136 + -40 + -73).
49
What is -1 + (5 + 5 - 7) + (41 - 40)?
3
Calculate (8 - 11) + (610 - 577).
30
What is the value of -12 + 12 + -20 + 33 - 6?
7
Evaluate 15 + 96 + -32 + -22.
57
Evaluate (68 - (-109 - -201)) + 83.
59
-16 - (12 + (-71 - -16))
27
(9 - -2) + -13 + 7 + 0 - (-17 - -28)
-6
-24 - (-25 + (75 - 42))
-32
What is the value of (-3 - (4 - -7) - (-16 - -9) - -31) + -1?
23
Evaluate -10 - (1 + -9 - (-155 + 142) - 45).
30
What is the value of 43 - (-35 + 11 + 58 + -20)?
29
What is the value of 0 + (-2 - -2) + -50 + (-26 - (-48 - -69))?
-97
Calculate -1 + (-11 + 12 + 4 - -5 - 10) + -41.
-42
What is the value of -65 + -3 + 12 - (85 + -57)?
-84
Evaluate -145 - (-119 + (144 - 63)).
-107
Calculate -83 + 1 + -5 + (40 - (-28 - -53)).
-72
58 + -34 + -53 - 12
-41
Evaluate -1730 + 1718 + (0 - (1 + -40 + -1 + -1)).
29
(11 + -18 + -14 + 9 - -22) + -5 + -89
-84
13 + -1 - (10 + 2)
0
What is 28 + -54 + -6 + 92?
60
59 + (-109 - 28) - 3
-81
What is 270 + -284 + (1 - 1) + (34 - 12)?
8
(-13 - -21) + -1 + (0 + -4 - 1)
2
What is -80 - ((10 - -17) + -166)?
59
What is the value of (18 - (-2 - -2)) + -1339 + 1220?
-101
Evaluate -8 - 1 - (20 + -4 - (-73 + (-27 - -65))).
-60
What is the value of 24 + 35 - (-74 - -105)?
28
1 - 22 - (4 + -13 - 1) - (-81 - 1)
71
What is the value of 1 + 39 + -3 + 6 + -25?
18
What is the value of (-2 - 70) + -16 + 46 + -19?
-61
Evaluate -46 + -49 + 42 + 22 + 50.
19
Evaluate -162 - (-65 + (-128 - -98)).
-67
Evaluate -43 - (-17 + 24 + (2 - 8) + -13).
-31
What is -19 - (31 - 57) - (0 + 8 + -3)?
2
What is -1 - -8 - ((27 - (22 + -11)) + 15)?
-24
What is the value of 57 + -110 + 37 - (0 + -5 + 4)?
-15
Calculate -2 + (12 - 18) + (-2 - (-19 + 6)).
3
Calculate 2 - 16 - (-21 - (15 - 23)) - (52 - -1).
-54
What is 71 + (-34 - -39 - 7)?
69
Evaluate -38 + (-496 - -493 - (0 - -13)).
-54
Calculate -9 - (16 - (-24 - -20 - -39)).
10
Evaluate (-6 + 23 - 7) + -14 - 13.
-17
(-44 - ((10 - -3) + -29)) + 19
-9
68834 + -68848 - (-1 - 14 - 1)
2
What is -72 + -6 + (-34 - 21 - -57)?
-76
Evaluate (8 - 5) + -32 - 19.
-48
-1314 - -1284 - (2 + 8 + 2) - (0 + -2)
-40
What is 1 - (-18 + (2 + -7 - 10))?
34
What is (2 + -4 - (-9 + -12)) + 800 + -806?
13
Evaluate -1068 + 1140 - (2 + 1 + 11).
58
What is the value of -85 + 35 + -109 - -135?
-24
Evaluate 86 + -91 - (89 - (4 + -5)).
-95
Calculate (1 + 12 + -2 - 1) + 3919 + -3939 + -35.
-45
Calculate 35 + -18 - 4 - -4.
17
What is (-13 - (-6 + -55 + (10 - 9))) + -4?
43
What is the value of 1 + -42 - (1472 + -1481)?
-32
What is -4 + (-5 - -2 - -3) + (-11 - -14) + -45?
-46
What is -3 + (34 - 94) + (17 - 1)?
-47
What is the value of 63 - (6 + 105 - 97)?
49
What is the value of 10 + 104 + -153 + (0 - (-1 - -16))?
-54
3 + (1 + 15 - (13 - -6)) - (-2 - 49)
51
What is 26 + -51 + 24 - (-3 - -17)?
-15
Evaluate (17 - (-11 - -22)) + (5 + -5 - 9) - -19.
16
What is 2548 - 2589 - (29 - (-1 - -3))?
-68
Evaluate -12 - (-4 - -2) - (-93 + 193 + -77).
-33
What is -6 + 2 + (-1 - -1) + (183 - (569 + -296))?
-94
Evaluate 47 + (2 - -15) - 135.
-71
What is -20 - (-11 - -4) - (-41 + 24)?
4
What is 38 + 0 - (6993 + -6944)?
-11
Evaluate -22 + (3 - 28) + -27 + 33.
-41
What is the value of (1 - -8 - 2) + (-21 + 79 - (-22 - -34))?
53
1 - (-21 + 21 - 17) - (-11 + 68)
-39
88 + (-3 + 4 - ((-5 - 9) + (-6 - -10)))
99
Calculate 191 + 36 + -226 + -2 + 49 + 0.
48
What is 16 + (0 - (-16 - (-19 - 10))) + -6?
-3
What is -107 + 99 + (0 - 2 - 5 - -110)?
95
Evaluate 48 + (-33 - (5 - -7 - 32)).
35
What is the value of -47 - (29 + -22 + -41)?
-13
What is the value of -41 + 83 + -68 - -20?
-6
44 - (96 + 59 - 73)
-38
(-10 - (9 + -28) - 13) + -5 + -3 + 1
-11
33 + 39 + (-46 - 56)
-30
Calculate -100 - -92 - (0 + -3 + (13 - 19) - -36).
-35
What is the value of -115 - ((4 - 114) + 94)?
-99
What is -8 - -4 - (-4 + 15 + -23) - (1 + 63)?
-56
What is 69 - -28 - (117 + -52)?
32
Calculate (-29 - -3) + -3 + (-2359 - -2471).
83
Evaluate 82 + -23 + (-2 - -20) + -12 + 22.
87
Calculate 279 - 129 - 277 - (-9 - 2).
-116
Calculate -15 + -1 + (-2 - (17 - 0)).
-35
Evaluate 72 + -99 - (-6 + -2 + -6) - 20.
-33
What is the value of 0 + -3 - (-89 - (56 + -176))?
-34
What is -46 + 60 + 14 - -11?
39
(4 + 0 - -9) + (1 - -1) + (1550 - 1614)
-49
Calculate -63 + 0 + 164 + -172 + (7 + -2 - 19).
-85
Calculate 0 + 0 + 2 + 35 + -3 + (139 - 128).
45
Calculate (0 + -24 - (-5 + 5)) + 9 + 1.
-14
What is the value of 2 + -6 + 0 + (8 - (73 + -28))?
-41
Calculate -16 - (-118 + 13 + 10 + -4).
83
What is 54 + (-2 - ((-136 - -129) + 18 + -1))?
42
What is the value of -10 - (9 - ((-3 - (28 - 1)) + 16))?
-33
What is the value of (117 + -126 - -141) + -135?
-3
Calculate